/((-8)/146). Suppose -3*x - 7 = -4*c - c, -5*c + x + 9 = 0. Let s(w) = -4 - f*w**c - 6*w + w**3 + 67*w**2 - 1. Determine s(7).
2
Let q(a) = 298*a - 40 - 154*a - 143*a. Give q(13).
-27
Let p(l) be the third derivative of -l**6/60 + 7*l**5/60 + l**4/12 + 2*l**3 + 189*l**2. Let v be p(4). Let g(d) = -5*d + 4. What is g(v)?
-16
Let g(l) = -l - 11. Let d be (-1623)/(-7) + 6/42. Let q = -243 + d. Give g(q).
0
Let x = -8 - -2. Let p be 5 + -2 + -7 + 8. Let o(n) = n**3 + 102*n + p - 47*n - 49*n + 7*n**2. Give o(x).
4
Let q(z) = -5*z - 91. Suppose 4*f - 22*o + 25*o = 9, 0 = -4*f + o - 3. Calculate q(f).
-91
Let h(k) be the first derivative of 4*k**2 - 288*k + 7725. Give h(36).
0
Let m = -36 + 41. Let q(n) = n**2 + 3*n - 2. Let j be q(-4). Let b(x) = x**2 + 4 + 3 + 0 + m*x - j. What is b(-5)?
5
Suppose 0 = -12*l + 23 - 23. Let d(v) = 3508*v - 4 + l - 3509*v. Give d(-9).
5
Let u = 416 + -406. Let g(i) = -i**3 + 10*i**2 + i. Calculate g(u).
10
Suppose 5*g + 37*g + 4 = 256. Let f(r) = r**2 - 2*r - 32. What is f(g)?
-8
Let o(p) = -4 + 20 - 5 - 7*p + 2 - 6 - p**2. Let a be -6 - -3*((-5)/3 + 1). Determine o(a).
-1
Let d = -4736 - -4716. Let f(c) = 3*c**2 + 58*c - 41. Determine f(d).
-1
Let z = -49 + 53. Let y(b) = -b - 7 + 5 - z + 2. What is y(8)?
-12
Let b(v) = -6*v**2 + 1. Suppose 4*t + 200 = -3*j + 3*t, t + 330 = -5*j. Let w = -66 - j. Give b(w).
-5
Let b be (5 - 0) + 10/(-5). Let t(g) = g**2 - 5. Let j be t(b). Let c(h) = 5*h - 2 + j*h + 2*h. Give c(2).
20
Suppose -3*j = 0, j = -4*p - 39 + 123. Let r(s) = -s**3 + 22*s**2 - 21*s + 1. What is r(p)?
1
Suppose 311*f = 306*f + 10. Let a(i) be the second derivative of i**5/20 - i**4/6 + i**3/6 - i**2/2 - 4*i + 16. Give a(f).
1
Let k(c) be the second derivative of 7*c**3/3 - 2*c**2 + 9*c. Let y(l) = 1. Let t(h) = -k(h) - 5*y(h). Let p = 1 + 0. Calculate t(p).
-15
Let b(q) = -q**3 - 8*q**2 - 5*q + 5. Let m(t) = 4*t**2 + 1. Let s(j) = -b(j) - 2*m(j). Give s(0).
-7
Let v(o) = 3*o**3 - 14*o**3 + 2 - 2*o - 1 + 2*o**2 - 2*o**3. Let y = -52 + 48. Let t be (((-6)/(-4))/((-33)/88))/y. What is v(t)?
-12
Suppose 0 = v + 127 - 129. Let s(g) = -v - 8*g**2 - 5*g + 21*g - 19*g. What is s(-1)?
-7
Let x(s) = -15*s - 100*s**3 + 99*s**3 + 36*s + 15 + 0*s**2 - s**2 - 3. Give x(-5).
7
Suppose 4*d = -c + 971, 3*d + 229 = 4*d + 3*c. Let q(a) = -261 + 0*a + d + a. What is q(8)?
-9
Let l(d) = 641*d + 645*d - 1287*d + 43. Calculate l(16).
27
Let c(h) be the first derivative of -h**3/3 - h**2 + 18*h + 296. Calculate c(-5).
3
Let v(c) = -3*c + 2. Let b(n) = -6. Let y(f) = -2*f + 31. Let d(k) = -10*b(k) - 2*y(k). Let h(m) = -4*d(m) - 5*v(m). Calculate h(2).
-4
Suppose -4*z - 2*l = 16, -z - 32*l + 34*l = 9. Let j(x) be the third derivative of x**5/60 + x**4/4 - x**3/6 + 18*x**2. Calculate j(z).
-6
Let s be ((-140)/50)/((-6)/30) - 9. Let x(l) = 2*l**3 - 10*l**2 - 2*l - 6. Calculate x(s).
-16
Let a(n) = 7*n**2 + 30*n + 25. Let t(w) = 20*w**2 + 87*w + 74. Let x(k) = 17*a(k) - 6*t(k). What is x(-7)?
16
Suppose 9*a - 20 = q - 5*a, 2*q - 2*a = -40. Let d(g) = -8*g - 157. What is d(q)?
3
Let f(j) = j + 13. Suppose 5*y = -16 - 14. Let q be (-28)/21 + 2 - (-46)/y. Calculate f(q).
6
Let q(l) = 5 + 2 - 4*l**3 + l - 1 + 5 - 9*l**2 + 3*l**3. Let o be (-43 + 8)*(-6)/10. Suppose 0 = -w - 4*c + 3, 4*w = -0*w - 5*c - o. Determine q(w).
2
Suppose 9*r = 307 + 8. Suppose r = -h + 38. Let c(s) = -9*s + 2. Determine c(h).
-25
Let c(a) = 2*a - 2. Suppose 4*i - 5*m - 21 - 19 = 0, 2*i - 26 = 4*m. Suppose 2*n + 8 = 2*k, 0 = -10*k + i*k + 4*n + 19. Determine c(k).
4
Let d(i) be the third derivative of -5/6*i**3 + 0 + 1/120*i**6 + 27*i**2 + 3/20*i**5 + 0*i + 1/4*i**4. Give d(-8).
11
Let r(k) = 19*k + 38. Suppose -92 = -4*f - 100. Calculate r(f).
0
Let c(o) = -o - 29. Let z(h) = 2*h**3 - h**2 - 10*h + 6. Let q be z(-3). Give c(q).
-2
Let t(v) = -8*v - 108. Let j(o) = o - 10. Let h(n) = -30*j(n) + 2*t(n). Calculate h(2).
-8
Let u(f) = f**3 - 6*f**2 + 8*f - 1. Let c(p) = 6*p**3 - 2*p**2 - p + 1. Suppose 0 = 5*i - 10, -5*i + 14 = 4*m - 0. Let x be c(m). Give u(x).
-1
Let o(s) = 2*s**3 - 23*s**2 + 11*s - 18. Let u(j) = -4*j**3 + 23*j**2 - 10*j + 20. Let w(p) = 3*o(p) + 2*u(p). Give w(-12).
-26
Let y(f) = -5*f + 11 + 21 + 27 - 137 + 9. Determine y(-13).
-4
Let w be -2*(-5 + 7 - 7). Suppose 0 = -2*v + 6, -8*v + w*v = -3*k + 3. Let z(f) be the third derivative of -f**5/60 - f**4/24 - f**3/6 - 3*f**2. What is z(k)?
-1
Let p(z) = z**3 + 8*z**2 - 9*z - 3. Let j(s) = -s**2 - s - 13. Let k be j(5). Let f = k + 62. Suppose -4*o - f = 17. Calculate p(o).
-3
Let x(l) = -13*l**3 - 28*l**2 + l - 14. Let h(d) = 3*d**3 + 5*d**2 - d + 2. Let p(f) = 4*h(f) + x(f). Determine p(-8).
18
Let f be ((-4)/(-5))/((-6)/(-135)). Suppose -f*x = -15*x - 9. Let k(u) = -x*u + 0 - 2 + 15*u**2 - 17*u**2. Calculate k(-2).
-4
Let t(v) be the first derivative of v**3/3 - 9*v**2/2 + 7*v + 614. What is t(0)?
7
Suppose 0 = -5*c - 3*q + 58, 6*q + 51 = 5*c + 2*q. Let k(u) = 5*u + 25 - c*u - 20 + 0*u. Determine k(2).
-7
Let r(z) be the second derivative of -z**6/90 + z**5/20 + 41*z**4/6 + 200*z. Let i(u) be the third derivative of r(u). Determine i(5).
-34
Let t(s) = 4*s**3 + s**2 + 4*s - 4. Let d(h) = -h**3 + 128*h**2 - 250*h - 249. Let f be d(126). Calculate t(f).
125
Let a(s) = 2*s + 1. Let q(r) = r**2 - 2*r + 2. Let z(b) = 2*a(b) - q(b). Let u(v) = -6*v - 1. Let c be ((-3)/(-6))/(1/(-2)). Let g be u(c). Give z(g).
5
Let t(i) be the first derivative of -3*i**4/2 + 7*i**3/3 - 4*i - 5644. Calculate t(3).
-103
Let s(r) be the first derivative of 51 + 2*r - 3/4*r**4 + 0*r**2 + 2/3*r**3. Calculate s(2).
-14
Let d(o) = 6*o + 234 + 212 - 478. Determine d(8).
16
Let r(h) be the third derivative of -h**9/10080 + h**8/20160 - h**7/5040 + 39*h**5/20 - 34*h**2. Let l(b) be the third derivative of r(b). Give l(1).
-6
Let k(q) = 693*q**2 - 4 + 7*q + 0*q + 694*q**2 + 693*q**2 - 2079*q**2. Suppose 0 = -n + 4 - 13. Determine k(n).
14
Let a be 6/(-9) - (-136)/24. Suppose i + 4 = 3, 31 = -a*r + 4*i. Let n(f) = f**3 + 6*f**2 - 9*f - 7. What is n(r)?
7
Let n(b) = 66*b + 4. Suppose -138*k - 304 = -304. Calculate n(k).
4
Let r(i) be the third derivative of 79*i + 1/24*i**4 - i**2 + 5/3*i**3 + 0. Calculate r(0).
10
Let s(d) be the second derivative of 1/2*d**2 - 13/6*d**3 - 156*d + 0. Calculate s(1).
-12
Let k(x) = -x**2 + 4*x + 6. Suppose 31 = -0*s - 4*s - 3*l, 5*s + 33 = 2*l. Let f be 4/((-46)/s + -6). Calculate k(f).
-15
Let o(t) = 0*t**2 + 3 + 0*t**2 + 3406*t + t**2 - 6779*t + 3383*t. Let c(u) = -8*u**2 - 2*u + 1. Let y be c(1). Give o(y).
-6
Let x(p) = -932*p + 30758. Let r be x(33). Let b(t) be the third derivative of t**6/60 + t**5/30 + t**4/24 - t**3/6 + 2*t**2. Calculate b(r).
25
Let j = 70 + -70. Suppose -4*u - 3*r + 32 - 3 = j, 5*u + 2*r - 31 = 0. Let f(l) = 4*l - 17. Let m be f(u). Let p(a) = -3*a**2 + a + 1. Calculate p(m).
-23
Let c(x) = -x + 7*x**2 - 12*x**2 - 4 + 0. Let s(a) = -4*a**2 - a - 4. Let m(z) = -3*c(z) + 4*s(z). Let w = -11 - -8. Calculate m(w).
-10
Suppose 7*r = 60 + 3. Suppose r*m = -0*m + 72. Let b(p) = p**3 - 7*p**2 - 8*p + 9. Give b(m).
9
Let f(b) = -23 - 6*b**2 + 6*b**2 - 20*b - 18 + 44 - 4*b**2. What is f(-5)?
3
Let h(r) = -r**3 - 9*r**2 - 17*r + 5. Suppose -p - 6*t = 40 - 16, -p = -4*t - 6. Determine h(p).
-1
Suppose -5*v = 3*k + 37 - 174, 3*v + 285 = 5*k. Suppose 0 = -7*i + 4*i, -5*i - k = 3*s. Let a(h) = -h**2 - 17*h + 14. What is a(s)?
-4
Suppose 0 = 165*n - 170*n - 2*u + 13, -3 = -2*n - 3*u. Let l(d) be the first derivative of 29 - 4*d + d**n + 0*d**2 - 1/4*d**4. Determine l(3).
-4
Let r(z) = -13*z + 99600*z**3 + 6*z - 3*z**2 - 99601*z**3 + 9*z - 2*z**2 + 6. Give r(-4).
-18
Let q(m) = -25*m**3 + 34*m**3 - 15*m**3 - 7 + 19*m - 3*m**2 + 5*m**3. Determine q(-6).
-13
Let h(y) be the first derivative of 2*y**2 - 4*y - 2012. Let q be (-8 + 2)/((-4)/8 - -2). Determine h(q).
-20
Let h(z) = 2*z + 6. Let k(o) = 5*o**3 + 6*o**2 - 2*o - 3. Let n be 1*(-2)/(-6)*(64 - 61). Let q be k(n). Give h(q).
18
Suppose -97*y + 46*y + 34*y = 17. Let u(c) be the first derivative of -37*c**4/4 - 2*c**3/3 - c**2/2 + 1. Give u(y).
36
Let s(g) = -15*g**3 - 2*g + 1. Suppose 4*o + 32 = 4*v, -v + 5*o + 13 = -5*v. Suppose -v*m + 4*t = -4 - 7, -2*t = m + 3. Calculate s(m).
-16
Let x(r) = 3*r**2 + 33*r - 83. Let d(u) = -2*u**2 -